11*f - f = 140. Is (-1 - (-92453)/2)*f/21 composite?
False
Let o(n) = 86*n - 356. Is o(57) a composite number?
True
Suppose 87*k = -180*k - 122*k + 7045957. Is k a composite number?
True
Suppose 2*z - 273 = 6*z + 5*b, 2*z + 3*b + 135 = 0. Let w = z - -78. Is (6/w)/((2/(-4666))/(-1)) composite?
False
Let c = -2785 - -5355. Let l = -521 + -992. Let z = l + c. Is z a composite number?
True
Suppose -3*w - 4*n + 26 = 0, 3*n = -0*w + w + 13. Suppose 0 = w*s, c + 2*s + 25 = 6*c. Suppose -c*b = -5*l - 3960 - 855, 4*b - 3*l = 3848. Is b composite?
True
Let j(u) = 107*u**2 + 3*u - 152. Let o(y) = 53*y**2 + 2*y - 77. Let s(d) = -3*j(d) + 7*o(d). Is s(-12) prime?
True
Let j(q) = -q**3 + 10*q**2. Let a = 40 + -30. Let y be j(a). Suppose y = -8*s + 2520 - 448. Is s composite?
True
Suppose 3*i - 3*f - 844 = 2*f, -2*f = -4*i + 1144. Let u = i + 343. Is u a prime number?
True
Suppose g - 32 = 5*g. Is -72*160/g + (0 - 1) prime?
True
Let s(z) = -z**3 - 3*z**2 + z + 6. Let q be s(-2). Is -3 + (q - -8)*567 composite?
True
Let i(j) be the first derivative of 97*j**3/3 - 3*j**2 + 18*j - 14. Is i(5) prime?
False
Let y(b) = -4*b - 17. Let p be y(-14). Let v be p/26*(-7262)/(-3). Suppose 5*n - 2124 = v. Is n a composite number?
False
Let l(v) be the first derivative of 4/3*v**3 - 1/4*v**4 + 7*v + 4*v**2 - 10. Is l(-6) prime?
False
Let t(c) = -20*c. Let m be t(3). Let s = m - -60. Suppose 0*w - 3*w = -6, -3*h - 3*w + 1512 = s. Is h composite?
True
Is (-20)/180 - (72794112/(-54) + 2) prime?
False
Suppose 2*o + u = 18279, -2*o + 5*o - 4*u = 27424. Is -2 + o + 5 + 6 a composite number?
True
Suppose 4*v = 97 + 67. Let y = -37 + v. Suppose 5*g = -y*b + 190 - 33, -4*g = 4*b - 124. Is g a composite number?
True
Suppose -24*a + 45*a - 392153 = 1809214. Is a composite?
False
Let a be (1 - -7)/(1/(10/20)). Suppose -w - 6 + 5 = 0, -35215 = -a*u + 3*w. Is u a prime number?
True
Is 6*(2 - (-482375)/102) a composite number?
False
Let p(u) = -995*u + 1052*u + 35 - u**2 - 10. Is p(33) a composite number?
True
Let p be 8 + -2 + -3 + -6. Is (-18)/(-36)*(p + 16573/1) a prime number?
False
Suppose -6*x + 753064 = 30538. Is x prime?
False
Let i be 1/((11/(-99))/(443/3)). Let j = 1952 + i. Is j a composite number?
True
Let j = 156 + -26. Suppose -4*y - 61 = -3*n, 122*n = 126*n - 5*y - 80. Let l = n + j. Is l prime?
False
Let i(v) = -v**2 - 57*v + 10. Let t(p) = 28*p - 5. Let r(f) = -3*i(f) - 7*t(f). Is r(27) a prime number?
False
Let f(i) = -87*i**3 - i - 2. Let g be f(-1). Suppose -2*r = -5*u - g, -4*u = r + 92 - 31. Let d(t) = -t**3 - 15*t**2 - 12*t + 1. Is d(u) a prime number?
True
Let p(z) = -z**2 - 16*z - 4. Let c be p(-16). Let s be (-6)/(-27) + (c - 136/(-36)). Suppose 3*b - 1367 - 1666 = s. Is b composite?
True
Let c(w) = w**2 - 12*w - 83. Let a be c(17). Suppose 11691 = p + 2*p - 9*d, -2*d = -a*p + 7786. Is p a composite number?
True
Suppose 10*j - 67 + 167 = 0. Is (j - -5) + (-28906)/(-1) prime?
True
Let y(l) = 368*l**3 + 65*l**2 - 9*l + 1. Is y(5) a prime number?
True
Let l be ((-33)/(-15) + -1)*(-5)/2. Let f(s) = -33*s**3 + 2*s**2 + s + 13. Is f(l) a composite number?
False
Let v be (19/5 - 3)*10/(-4). Is (-1*1/v)/(114/3704772) a composite number?
False
Suppose 0 = -5*m - j + 3187, 2*m = 5*m - 4*j - 1926. Let p = m - -2604. Is 24/36 - p/(-6) prime?
True
Let o = -1714 + 2927. Let k = o - 416. Is k a composite number?
False
Let n = 81686 - 38463. Is n a prime number?
True
Suppose -2882*a = -2852*a - 97845510. Is a a prime number?
False
Suppose -13*z + z + 536533 = -1801175. Is z a prime number?
True
Suppose 0 = -5*d + w - 10, -2*d + w - 4 = 0. Is d*((-14)/4 - -3) + 2446 a composite number?
False
Is (1701117/24 + 7 - (-5)/40)/1 a composite number?
True
Let r(l) = 7*l + 25*l + 20*l + 7*l + 10. Let z be r(13). Let o = -358 + z. Is o a prime number?
True
Let k(x) = -178808*x - 7921. Is k(-4) a prime number?
False
Let j = 42157 - -45966. Is j composite?
True
Suppose 2*x + 63 = 4*j - 1, -3*j - 160 = 5*x. Let m be 42/8 + 8/x. Suppose -3*d - 5*y - 265 + 1769 = 0, m*y + 5 = 0. Is d prime?
True
Let y(w) = -61*w + 5. Let d(q) = q - 12. Suppose 2*n - 15 = -l, 3*l = -4*n - 0*l + 33. Let b be d(n). Is y(b) a composite number?
True
Suppose 14144*h - 14162*h + 2898954 = 0. Is h a composite number?
False
Suppose -3*r + 593874 = 29*d - 27*d, 0 = -5*d - 3*r + 1484703. Is d prime?
False
Let f(a) = -a**2 + 3*a + 1. Let l be f(6). Let s = l - -25. Is 1394/(s/4) - -4 a prime number?
True
Let n = 5055 - -18623. Suppose -3*a + 5*l = -n, -5*a + 2*l - 4*l + 39515 = 0. Is a composite?
False
Suppose -420*k + 421*k = -75656. Let u = -26749 - k. Is u a composite number?
False
Let a = 158379 - 75280. Is a prime?
False
Is 2/1 - (-3 + 6) - (179 + -21763) a prime number?
False
Is (15474/4)/(9/12402*39) prime?
False
Let s = -21 - -17. Is (2*(-2)/s)/(8/47384) a composite number?
False
Let y(s) = 3091*s + 320. Let n be y(-7). Let k = n + 40978. Is k a prime number?
True
Let c(g) = -621*g + 106. Let o = 352 + -369. Is c(o) prime?
True
Let s = 112 + 2317. Let g = s - 4197. Let l = g + 3329. Is l a prime number?
False
Suppose 4*k = 32*x - 33*x + 290105, 0 = x - 4*k - 290097. Is x a composite number?
True
Let r(s) = 69*s**2 - 60*s + 221. Is r(36) prime?
False
Let x be (-52)/(-364) - (-194)/14. Suppose x*f - 109408 = 91898. Is f prime?
False
Let o(l) = 47*l**2 - 44*l + 6. Is o(17) a composite number?
False
Let f(n) = -n**3 - 23*n**2 - 17*n + 7. Let u be f(-22). Is (8 + -6)/((-1)/u) composite?
True
Is 1159748*(-10)/(-16)*(-92)/(-230) a composite number?
False
Let b(u) = 5103*u + 139. Let f be b(12). Let l = 102684 - f. Is l a composite number?
True
Let q(s) = 2*s + 1. Let u be q(-5). Let t(j) be the third derivative of j**5/10 + 5*j**4/12 - 5*j**3/6 - 144*j**2. Is t(u) prime?
False
Let n(a) = 17*a**3 - a**2 + 12*a + 504547. Is n(0) composite?
False
Let d be (-4)/(-6) + 14/(-3). Let x be (-9 - d)*1594/(-10). Suppose j + x = 2*j. Is j composite?
False
Suppose 0 = 2*i + 3 - 7. Suppose -13*c + i + 24 = 0. Suppose 0 = c*l - 13793 - 9933. Is l composite?
False
Suppose -p + 237*u = 238*u - 98923, -5*p + 3*u + 494647 = 0. Is p composite?
False
Let b(p) = p**2 + 6*p + 8. Let l be b(-4). Suppose 2*j - j - 634 = l. Is j/(((-3)/1)/(18/(-12))) a composite number?
False
Suppose 4*r = 9 - 1. Suppose -r*i + 5*u = -33, -2*i - 5 = 3*u + 2. Suppose d - 1223 = 5*m, 3*d + i*m - 1935 = 1810. Is d composite?
True
Let t = -106 + 50. Let n be (-3)/((-6)/t)*1. Let a = n + 1007. Is a a composite number?
True
Is (-2921705778)/(-5074) - 2/59 composite?
True
Let r = -1245531 - -2697172. Is r a composite number?
False
Suppose -43 = 7*c - 120. Suppose 1 - c = -2*y. Suppose 4*m = -4*j + 2520, -y*j - 2*m = 489 - 3642. Is j composite?
False
Suppose -6*l + 10*l = -4*l. Let g be 1 - (-5 + (l - 15)). Is 3185 - (1*3)/(g/28) a composite number?
False
Is 559727260/1856 + (-18)/96 prime?
True
Let x = 10723 - -14483. Suppose -25*q + 31*q - x = 0. Is q a composite number?
False
Let c(m) be the second derivative of -175/6*m**3 + 0 + 34*m - 41/2*m**2. Is c(-16) composite?
True
Let b = -4700 - -7867. Suppose c + b = m, m - 15803 = -4*m - 3*c. Is m a composite number?
False
Let u(v) = 196*v**2 + 7*v + 35. Let h be u(-4). Suppose -h = -317*b + 310*b. Is b a prime number?
True
Let y(x) = 6189*x**2 + 12*x + 17. Is y(-2) a prime number?
True
Let o = -19171 - -63188. Is o prime?
True
Let n = -73 - -28. Let w be ((-3)/(-2) - 0)*2190/n. Let m = 170 + w. Is m a composite number?
False
Suppose 0 = 10*l - 8*l - 10. Suppose -2*c = 5*r + 6 - 22, l*r - 3 = -c. Suppose -12*b - 82 = -c*b. Is b a prime number?
False
Let q(x) = -4*x + 7. Let l be q(-3). Let j(g) = -2*g**3 + 16*g**2 + 8*g + 11*g**2 + l*g**2 - 1 - 47*g**2. Is j(-4) composite?
False
Let n(w) = -33*w**2 + 4*w + 2. Let r be n(-1). Let q be (84/r)/(-4)*1*5. Suppose -1042 - 1475 = -q*h. Is h prime?
True
Suppose r + 29266 + 46748 = 19*r. Is r a composite number?
True
Let d = 7958 - -21705. Is d prime?
True
Suppose 3694 + 223206 = o - a, 0 = 5*o + 3*a - 1134476. Is o composite?
True
Let l(w) = w**3 - 5*w**2 - 3*w - 27. Let g = -31 - -48. Let d be l(g). Suppose -2*h + 3*t = h - d, 0 = -2*h - 5*t + 2232. Is h composite?
True
Let r = -368 + 370. Suppose 0 = -2*y + 2, -13*y + 8*y = r*l - 62499. Is l prime?
True
Let u = -1134 - -1